d by 17.
15
Let d = 6 + 1. Suppose -2*c = 33 + 21. Let q = c - -46. Calculate the remainder when q is divided by d.
5
Suppose 2*r + 5*o = 375 + 51, 1123 = 5*r - 2*o. What is the remainder when r is divided by 33?
25
Suppose -4*u = 2*s - 212, 0 = -3*s - 11*u + 7*u + 326. Suppose -3*r + 100 = 5*f, -2*r = -5*f - 37 - 13. What is the remainder when s is divided by r?
24
Suppose 0 = 4*w + 4*j - 20, w - 3*j + 7 = -7*j. Calculate the remainder when 1*-22*4/(-8) is divided by 2 + w + 0 - 4.
4
Let f be 195*((-1)/(-1) + 1). Suppose h + 2*h = f. Calculate the remainder when h/8 + (-39)/(-52) is divided by 5.
2
Suppose 174*y - 162*y = 1044. Calculate the remainder when y is divided by 19.
11
Suppose 2*s + 6 = 0, -j - 2*j + 402 = -3*s. Suppose 4*u - 1099 + j = 0. What is the remainder when u is divided by 49?
46
Suppose -22*b = -10*b - 240. Let p(d) = -15*d - 1. What is the remainder when p(-4) is divided by b?
19
Let b be 2 - 15/(20/(-4)). Let s = 22 + b. Calculate the remainder when s is divided by 15.
12
Suppose 2*v = 55 - 19. Suppose -4*j = 3*d + 52, -3*d - 2 = -j - 0. Let q = j - -43. What is the remainder when q is divided by v?
15
Let b = -116 - -199. Let z(t) = -25*t + 52. Let l be z(2). Suppose -b = -l*o + 21. What is the remainder when o is divided by 18?
16
Suppose 11*x - 104 = -5*g + 7*x, -4*g + 3*x + 77 = 0. Let u(m) = 2*m**2 + 6*m + 8. Calculate the remainder when u(6) is divided by g.
16
Let i(a) = -2*a**2 + 30*a - 19. What is the remainder when 68 is divided by i(14)?
5
Suppose 0 = 2*o - 2 - 4. Suppose 0*r - 4*v - 12 = -2*r, -3*v - 6 = 0. Suppose t = 5*k - r*t - 30, 24 = 4*k - 4*t. What is the remainder when k is divided by o?
0
Suppose -3*i + 4*z + 634 = 15, -4*z = -20. What is the remainder when i is divided by 43?
41
What is the remainder when (3915/(-58))/((-2)/8) is divided by 55?
50
Let g(m) = 21*m - 238. What is the remainder when 40 is divided by g(12)?
12
Suppose -4*w = w - 10. Let n(v) = v**3 - 8*v - 5. Let d be n(4). Suppose w*y + b - d = 48, 0 = -3*y - 4*b + 120. What is the remainder when y is divided by 13?
10
Let o(r) = -r**3 + 14*r**2 + 2*r - 18. Let l be o(14). What is the remainder when l/15 + 172/3 is divided by 15?
13
Suppose -k = 2*k - 309. Let c = 7 - -67. Let m = k - c. Calculate the remainder when m is divided by 8.
5
Let x(t) = 2*t - 7. Let l be 39/26*14/3. Calculate the remainder when 13 is divided by x(l).
6
Suppose 2*p = -10, -2*p - p = 5*k - 70. Suppose -k = 5*l - 112. Calculate the remainder when 73 is divided by l.
16
Let n = 622 + -576. Calculate the remainder when 223 is divided by n.
39
Suppose 2*s + 4 - 122 = 0. Suppose 5*u - 9 - 1 = 0. Suppose 0 = -u*i - 3*i + 75. What is the remainder when s is divided by i?
14
Let w(p) = -2*p**3 - 2*p - 1. Let a be w(-1). Suppose -a*v = -0*v. Let t = 5 + v. Calculate the remainder when 9 is divided by t.
4
Suppose 8*a = 2931 + 2373. Calculate the remainder when a is divided by 18.
15
Suppose 192 = -72*h + 80*h. Calculate the remainder when 454 is divided by h.
22
Let q(p) = -p + 34. Let o be q(24). Suppose 756 = o*a - 3*a. Calculate the remainder when a is divided by 28.
24
Suppose -2*j + 5*o - 16 = 0, -2*j + 3*j - o + 2 = 0. Suppose -5*p - 2 = -67. Calculate the remainder when ((1 - 3) + -48)*j/(-4) is divided by p.
12
Let s = 186 + -142. Calculate the remainder when 117 is divided by s.
29
Let l = -11 - -9. What is the remainder when (-1)/2*(1 - 35) is divided by (0 - (-4 - l)) + 3?
2
Let y(k) = -27*k**3 + k**2 - 2*k + 1. Suppose -3*o - 1 = -4*o. Let i be y(o). Let a = i + 46. What is the remainder when 35 is divided by a?
16
Let c(t) = -t**3 - 10*t**2 - 5*t - 35. Calculate the remainder when 88 is divided by c(-10).
13
Suppose 2*k - 7*k + 3*x + 23 = 0, 0 = 2*x + 2. Suppose 0 = 3*q + 2*q - 2*a - 111, -4*q + 84 = -k*a. What is the remainder when q is divided by 14?
9
Calculate the remainder when (-18)/45 + (-8354)/(-10) is divided by 22.
21
Let q be 1/(-4 + (-1053)/(-264)). What is the remainder when 3538/22 - -2 - 16/q is divided by 56?
51
Suppose 0 = -5*p + 5*w + 350, 3*p = w + 152 + 62. What is the remainder when p is divided by 15?
12
Let p(y) = y**2 - 6*y - 4. Suppose -1 + 13 = 4*h. Suppose h*a + 3*r = -1 + 22, 0 = -3*a + 3*r + 21. Calculate the remainder when 9 is divided by p(a).
0
Let h = 276 - 178. Suppose 2*i - 58 = -2*o - 0*o, 0 = 4*o - 16. Calculate the remainder when h is divided by i.
23
Let m(o) = 2*o**2 - 33*o - 21. Let h be m(16). Suppose -q = 3, l = 5*q + 102 - 22. Let x = h + l. What is the remainder when 83 is divided by x?
27
Suppose 5*a - 97 = -7. Calculate the remainder when a is divided by 11.
7
Let a = -173 - -197. Calculate the remainder when 0 + (-1 - -47)*2 is divided by a.
20
Let q = 2 - 89. Let s = q - -112. Calculate the remainder when s is divided by 13.
12
Let z = -13 + 12. Let h be z/((-3)/(-147)) + 1. Calculate the remainder when 22 is divided by h/9*3/(-2).
6
Let t be 15/(-60) + (123/(-4))/(-3). Suppose -15*p + 95 = -t*p. What is the remainder when 93 is divided by p?
17
Let x = -10 + 9. Let i be -2*(2 + x + -2). Suppose -27 - 71 = -i*s. What is the remainder when s is divided by 13?
10
Suppose 0 = 2*n - 6. Suppose 0 = 3*m - 0*m - n. Calculate the remainder when (0 - m)/((-3)/222) is divided by 25.
24
Suppose -5*h = w + 55, 2*w + 30 = -2*h - 0*w. Let t be (-24)/h + (-8)/20. Suppose 5*d = t*d + 9, -3*g + 33 = -d. What is the remainder when 46 is divided by g?
10
Suppose -k + 5*a = 3*k - 48, -2*k + 5*a = -14. Let w = -138 + 343. Calculate the remainder when (-96)/(-120)*w/2 is divided by k.
14
Suppose -4*j + 527 = 5*f, 50 = 4*f - 2*j - 356. Calculate the remainder when 1235 is divided by f.
102
Let z(r) = -r**2 - 17*r + 63. What is the remainder when z(-16) is divided by 8?
7
Let w(y) = y**2 + 32*y - 148. Calculate the remainder when w(-46) is divided by 55.
1
Suppose -74*l + 120*l - 28888 = 0. What is the remainder when l is divided by 37?
36
Let j = 255 - 197. Calculate the remainder when j is divided by 21.
16
Let y = 4 - -6. Suppose 0 = 14*o - 3*o - 44. Suppose 211 - 55 = o*d. Calculate the remainder when d is divided by y.
9
Suppose -n + 2*t = 4*n - 826, t + 164 = n. Calculate the remainder when n is divided by 4*((-51)/(-24))/((-1)/(-4)).
30
Let x = 2172 - 1538. Calculate the remainder when x is divided by 22.
18
Suppose 6*w + 344 = 2*w. Let p = w - -121. Calculate the remainder when p is divided by 9.
8
Let w(g) = -g**3 - 11*g**2 - 12*g - 41. Calculate the remainder when 1546 is divided by w(-11).
90
Let o(f) = -14*f - 5. Let t be o(-2). Suppose k - t = 10. What is the remainder when 131 is divided by k?
32
Let y(s) = 8*s + 4. What is the remainder when y(9) is divided by (2/(-4))/((-6)/444) - -2?
37
Let l(h) = 181*h - 169. Calculate the remainder when 246 is divided by l(1).
6
Suppose -4*h + l + 26 = 3*l, 2*l = 2*h - 16. Suppose 20*c - 15*c = 170. What is the remainder when c is divided by h?
6
Suppose -4*z + 2616 = 2*d - 738, 0 = -d + 1. What is the remainder when z is divided by 24?
22
Let v = 602 - 334. Calculate the remainder when v is divided by 36.
16
Let w(u) = 31*u - 94. What is the remainder when w(7) is divided by 38?
9
Suppose 3*y - 68 = -2*p, -28*p - 3*y = -29*p + 43. Suppose 0*t - 2*t = -26. Calculate the remainder when p is divided by t.
11
Suppose b - 10 = -b. Let v(r) = b*r - 6*r**2 + 0 + 6*r - 5 - 3*r + r**3. What is the remainder when v(6) is divided by 11?
10
Calculate the remainder when 4/8 - (5 + (-355)/2) is divided by 7.
5
Let x = 0 - 0. Suppose -2*y + 7 + 5 = x. Suppose 0 = 127*s - 79*s - 1056. What is the remainder when s is divided by y?
4
Let q(m) = -m**3 + m**2 + 5*m + 10. What is the remainder when q(-5) is divided by 23?
20
Let u(x) = 14*x - 33*x + 0 - 1. Let h be u(-1). Let a = h + -9. What is the remainder when 33 is divided by a?
6
Suppose 41 = -3*m - j + 116, 2*m = 4*j + 22. Suppose -3*x + 2*g + 354 = -g, 467 = 4*x - 3*g. What is the remainder when x is divided by m?
21
Let i = -40 - -45. Let f(r) = -5*r**2 + 7*r - 7. Let m(u) = -u**2 + u - 1. Let z(d) = f(d) - 6*m(d). Calculate the remainder when z(i) is divided by 8.
5
Suppose 0*g + 3*g + 4*o = 78, -32 = -2*g + 4*o. Calculate the remainder when 80 is divided by g.
14
Suppose -1 = -y + 5. Let n(t) = -t**3 + 9*t**2 - 24*t + 13. Let m be n(